
True
Is 213 a factor of 711846?
True
Is 62 a factor of 340442?
True
Is 543728 a multiple of 224?
False
Does 16 divide 10708112?
True
Is 12 a factor of 4206789?
False
Is 2048083 a multiple of 14?
False
Is 161895 a multiple of 93?
False
Does 526 divide 1728436?
True
Is 26 a factor of 1467299?
False
Is 277321 a multiple of 282?
False
Is 14 a factor of 21256620?
True
Is 45 a factor of 1767465?
True
Is 8100810 a multiple of 274?
True
Is 34 a factor of 94112?
True
Does 83 divide 2633242?
False
Does 36 divide 58140?
True
Is 180773 a multiple of 7?
False
Is 56769 a multiple of 17?
False
Is 1735812 a multiple of 78?
True
Is 1314307 a multiple of 16?
False
Is 33 a factor of 428600?
False
Is 196022 a multiple of 18?
False
Is 116 a factor of 17818231?
False
Is 4157983 a multiple of 190?
False
Does 4 divide 1189068?
True
Is 38 a factor of 340708?
True
Does 11 divide 659827?
False
Does 13 divide 1170?
True
Does 165 divide 7906800?
True
Does 59 divide 1427741?
True
Is 37 a factor of 270248?
True
Is 189 a factor of 1179360?
True
Is 3862524 a multiple of 6?
True
Does 239 divide 3259721?
True
Is 1488 a factor of 8634390?
False
Is 54 a factor of 554626?
False
Is 599 a factor of 510793?
False
Does 13 divide 2734359?
False
Is 4 a factor of 1383268?
True
Is 89 a factor of 141472?
False
Is 4 a factor of 39712?
True
Is 3099104 a multiple of 82?
False
Is 63 a factor of 141425?
False
Does 2194 divide 8324036?
True
Is 30 a factor of 181320?
True
Is 6 a factor of 152667?
False
Is 35219555 a multiple of 37?
False
Does 163 divide 3869134?
False
Is 317344 a multiple of 60?
False
Is 12 a factor of 254559?
False
Is 70 a factor of 221200?
True
Does 80 divide 818713?
False
Is 2156895 a multiple of 22?
False
Is 35 a factor of 2002770?
True
Is 229 a factor of 199316?
False
Is 90 a factor of 1043460?
True
Does 305 divide 968864?
False
Does 22 divide 1149624?
False
Does 36 divide 2720808?
True
Is 21 a factor of 1367702?
False
Is 41 a factor of 255715?
False
Does 4 divide 4118?
False
Is 855942 a multiple of 7?
False
Is 11 a factor of 7440334?
True
Is 35 a factor of 3365314?
False
Does 85 divide 440385?
True
Does 477 divide 1641834?
True
Is 33136 a multiple of 8?
True
Does 96 divide 300864?
True
Is 31 a factor of 116218?
False
Is 790 a factor of 1700908?
False
Is 4 a factor of 2003589?
False
Is 12 a factor of 211316?
False
Is 10 a factor of 271613?
False
Does 637 divide 8205947?
False
Is 371 a factor of 381697?
False
Does 27 divide 115181?
False
Is 24 a factor of 215880?
True
Does 49 divide 2922412?
False
Is 452987 a multiple of 67?
True
Does 77 divide 28176972?
False
Is 1337160 a multiple of 20?
True
Is 7711470 a multiple of 702?
True
Does 80 divide 3044720?
True
Does 71 divide 67237?
True
Is 40 a factor of 1205000?
True
Is 57912 a multiple of 76?
True
Is 255 a factor of 596818?
False
Does 72 divide 1895069?
False
Is 17 a factor of 5245809?
True
Is 2775463 a multiple of 23?
False
Does 8 divide 206736?
True
Does 39 divide 83000?
False
Does 8 divide 8506237?
False
Does 29 divide 21139?
False
Does 171 divide 751374?
True
Is 308 a factor of 159605?
False
Does 45 divide 2601090?
True
Does 660 divide 1423773?
False
Is 139967 a multiple of 36?
False
Is 363485 a multiple of 45?
False
Does 31 divide 96162?
True
Is 102394 a multiple of 38?
False
Is 2088484 a multiple of 1122?
False
Is 778636 a multiple of 185?
False
Is 24 a factor of 554586?
False
Is 787953 even?
False
Is 26 a factor of 1057030?
True
Is 264 a factor of 201123?
False
Is 158 a factor of 164776?
False
Does 21 divide 160482?
True
Does 16 divide 504540?
False
Does 6 divide 4770?
True
Is 12 a factor of 258588?
True
Is 4265088 a multiple of 128?
True
Does 152 divide 643112?
True
Is 89 a factor of 1344879?
True
Does 13 divide 79001?
True
Is 363594 a multiple of 21?
True
Is 149646 a multiple of 63?
False
Does 84 divide 1092?
True
Is 5 a factor of 71214?
False
Is 8441718 a multiple of 8?
False
Does 104 divide 100475?
False
Does 61 divide 890551?
False
Does 6 divide 2888286?
True
Is 1126320 a multiple of 15?
True
Is 310191 a multiple of 60?
False
Is 28034 a multiple of 107?
True
Does 139 divide 2974830?
False
Does 25 divide 3031825?
True
Is 17 a factor of 143767?
False
Is 1090856 a multiple of 34?
True
Does 62 divide 1617890?
True
Is 15 a factor of 1783074?
False
Is 65268 a multiple of 49?
True
Does 36 divide 1002363?
False
Is 25205 a multiple of 5?
True
Is 64 a factor of 869120?
True
Is 263552 a multiple of 64?
True
Is 666 a factor of 738882?
False
Does 16 divide 484439?
False
Does 16 divide 78341?
False
Is 238872 a multiple of 148?
True
Is 14 a factor of 5121813?
False
Does 6 divide 1138308?
True
Is 302 a factor of 133786?
True
Does 56 divide 767872?
True
Is 59 a factor of 15426789?
True
Is 11 a factor of 441633?
False
Does 29 divide 390853?
False
Is 300 a factor of 12665827?
False
Is 138 a factor of 241947?
False
Does 14 divide 9719528?
True
Is 10278 a multiple of 21?
False
Is 16581277 a multiple of 97?
True
Is 110 a factor of 1452550?
True
Is 328 a factor of 116112?
True
Is 7663630 a multiple of 706?
True
Is 44 a factor of 125489?
False
Is 33 a factor of 10204260?
True
Is 996 a factor of 2289741?
False
Is 78 a factor of 631417?
False
Is 110305 a multiple of 6?
False
Does 606 divide 246036?
True
Is 9183720 a multiple of 420?
True
Is 873696 a multiple of 16?
True
Is 117821 a multiple of 11?
True
Does 34 divide 616420?
True
Is 305921 a multiple of 203?
True
Does 309 divide 3162358?
False
Is 2198832 a multiple of 12?
True
Is 81911 a multiple of 101?
True
Is 148 a factor of 159151?
False
Is 119777 a multiple of 39?
False
Does 19 divide 2964337?
False
Does 36 divide 87300?
True
Is 701155 a multiple of 35?
True
Does 289 divide 764035?
False
Does 25 divide 27357?
False
Is 13 a factor of 59735?
True
Is 392 a factor of 890624?
True
Does 102 divide 473586?
True
Is 8 a factor of 1509326?
False
Does 4 divide 27093?
False
Does 175 divide 95213?
False
Is 220948 a multiple of 32?
False
Is 10 a factor of 640458?
False
Does 49 divide 1167034?
False
Does 3 divide 125683?
False
Is 21851023 a multiple of 1673?
False
Is 139 a factor of 55878?
True
Is 720 a factor of 7792982?
False
Does 1310 divide 9963860?
True
Is 947450 a multiple of 14?
True
Does 214 divide 1253443?
False
Is 4166 a multiple of 13?
False
Does 153 divide 371484?
True
Is 10017756 a multiple of 28?
True
Is 367080 a multiple of 874?
True
Does 52 divide 1029354?
False
Is 12 a factor of 3643?
False
Does 25 divide 214980?
False
Does 10 divide 21410091?
False
Does 22 divide 2018928?
False
Is 486278 a multiple of 19?
False
Is 14 a factor of 14798?
True
Is 14236 even?
True
Is 11156842 a multiple of 18?
False
Is 89 a factor of 258634?
True
Is 395680 a multiple of 16?
True
Is 625534 a multiple of 982?
True
Does 17 divide 335134?
False
Is 19447931 a multiple of 48?
False
Is 356 a factor of 352206?
False
Is 358875 a multiple of 725?
True
Is 9 a factor of 18723?
False
Is 45 a factor of 26961?
False
Does 972 divide 1302132?
False
Does 35 divide 5823312?
False
Is 2327325 a multiple of 75?
True
Is 11 a factor of 332162?
False
Does 358 divide 4577786?
False
Does 436 divide 2251504?
True
Is 775118 a multiple of 86?
True
Is 8 a factor of 3427400?
True
Is 677272 a multiple of 111?
False
Is 3 a factor of 10855?
False
Does 80 divide 451927?
False
Is 218 a factor of 541294?
True
Is 15 a factor of 259861?
False
Is 208 a factor of 2351232?
True
Does 66 divide 297854?
False
Does 13 divide 15552498?
True
Is 45661 a multiple of 11?
True
Is 3538943 a multiple of 78?
False
Does 75 divide 538672?
False
Is 1460633 even?
False
Is 15680 a multiple of 56?
True
Is 619 a factor of 504080?
False
Is 465929 a multiple of 74?
False
Is 15 a factor of 637575?
True
Is 1487520 a multiple of 6?
True
Does 35 divide 921685?
False
Is 3 a factor of 53374?
False
Is 49 a factor of 536407?
False
Is 3714568 a multiple of 1144?
True
Is 16 a factor of 1971088?
True
Is 2 a factor of 1065?
False
Is 5 a factor of 1082882?
False
Is 2778585 a multiple of 355?
True
Is 5 a factor of 196275?
True
Does 4 divide 3720843?
False
Is 404 a factor of 1388548?
True
Does 5 divide 14020?
True
Is 537015 a multiple of 10?
False
Does 8 divide 500269?
False
Is 528310 a multiple of 115?
True
Does 17 divide 490901?
False
Is 389943 a multiple of 183?
False
Is 14